{"id":73,"date":"2022-05-18T11:03:38","date_gmt":"2022-05-18T09:03:38","guid":{"rendered":"http:\/\/larsonline.dk\/wordpress\/?page_id=73"},"modified":"2025-04-17T10:07:05","modified_gmt":"2025-04-17T08:07:05","slug":"instrumentalmusik","status":"publish","type":"page","link":"https:\/\/larsonline.dk\/wordpress\/musik\/instrumentalmusik\/","title":{"rendered":"Instrumentalmusik"},"content":{"rendered":"\n<figure class=\"wp-block-image size-large is-resized\"><img loading=\"lazy\" decoding=\"async\" width=\"641\" height=\"1024\" src=\"http:\/\/larsonline.dk\/wordpress\/wp-content\/uploads\/2022\/05\/image-1-641x1024.png\" alt=\"\" class=\"wp-image-183\" srcset=\"https:\/\/larsonline.dk\/wordpress\/wp-content\/uploads\/2022\/05\/image-1-641x1024.png 641w, https:\/\/larsonline.dk\/wordpress\/wp-content\/uploads\/2022\/05\/image-1-188x300.png 188w, https:\/\/larsonline.dk\/wordpress\/wp-content\/uploads\/2022\/05\/image-1-768x1228.png 768w, https:\/\/larsonline.dk\/wordpress\/wp-content\/uploads\/2022\/05\/image-1-961x1536.png 961w, https:\/\/larsonline.dk\/wordpress\/wp-content\/uploads\/2022\/05\/image-1.png 1281w\" sizes=\"auto, (max-width: 641px) 100vw, 641px\" \/><figcaption class=\"wp-element-caption\">Foto: Margit Knoblauch<\/figcaption><\/figure>\n\n\n\n<p><strong>Fra Mozart til Metallica<\/strong><\/p>\n\n\n\n<p>Forgyld din middag eller reception med sk\u00f8n instrumental guitarmusik!<\/p>\n\n\n\n<p>Fork\u00e6l dine g\u00e6ster med den fantastisk lette og \u00e6teriske stemning, som kun lyden af en akustisk guitar kan give.<\/p>\n\n\n\n<p>Repertoiret sp\u00e6nder fra lettere klassisk til pop, rock og jazz. Fra Mozart til Metallica.<\/p>\n\n\n\n<p><a href=\"https:\/\/larsonline.dk\/wordpress\/spansk-romance\/\">Se video hvor jeg spiller &#8220;Spansk Romance.&#8221;<\/a><\/p>\n\n\n\n<p>Et must for enhver begivenhed!<\/p>\n\n\n\n<p>Pris starter ved kr. 5.000,-<\/p>\n\n\n\n<p><em>Pris kan variere efter arrangementets st\u00f8rrelse og afstand. Ring eller skriv for n\u00e6rmere aftale.<\/em><\/p>\n\n\n\n<p><\/p>\n","protected":false},"excerpt":{"rendered":"<p>Fra Mozart til Metallica Forgyld din middag eller reception med sk\u00f8n instrumental guitarmusik! Fork\u00e6l dine g\u00e6ster med den fantastisk lette og \u00e6teriske stemning, som kun lyden af en akustisk guitar kan give. Repertoiret sp\u00e6nder fra lettere klassisk til pop, rock og jazz. Fra Mozart til Metallica. Se video hvor jeg spiller &#8220;Spansk Romance.&#8221; Et must &hellip; <a href=\"https:\/\/larsonline.dk\/wordpress\/musik\/instrumentalmusik\/\" class=\"more-link\">L\u00e6s videre <span class=\"screen-reader-text\">Instrumentalmusik<\/span> <span class=\"meta-nav\">&rarr;<\/span><\/a><\/p>\n","protected":false},"author":1,"featured_media":0,"parent":61,"menu_order":2,"comment_status":"closed","ping_status":"closed","template":"","meta":{"footnotes":""},"class_list":["post-73","page","type-page","status-publish","hentry"],"yoast_head":"<!-- This site is optimized with the Yoast SEO plugin v27.3 - https:\/\/yoast.com\/product\/yoast-seo-wordpress\/ -->\n<title>Instrumentalmusik - Lars Kristian S\u00f8rensen<\/title>\n<meta name=\"robots\" content=\"index, follow, max-snippet:-1, max-image-preview:large, max-video-preview:-1\" \/>\n<link rel=\"canonical\" href=\"https:\/\/larsonline.dk\/wordpress\/musik\/instrumentalmusik\/\" \/>\n<meta property=\"og:locale\" content=\"da_DK\" \/>\n<meta property=\"og:type\" content=\"article\" \/>\n<meta property=\"og:title\" content=\"Instrumentalmusik - Lars Kristian S\u00f8rensen\" \/>\n<meta property=\"og:description\" content=\"Fra Mozart til Metallica Forgyld din middag eller reception med sk\u00f8n instrumental guitarmusik! Fork\u00e6l dine g\u00e6ster med den fantastisk lette og \u00e6teriske stemning, som kun lyden af en akustisk guitar kan give. Repertoiret sp\u00e6nder fra lettere klassisk til pop, rock og jazz. Fra Mozart til Metallica. Se video hvor jeg spiller &#8220;Spansk Romance.&#8221; Et must &hellip; L\u00e6s videre Instrumentalmusik &rarr;\" \/>\n<meta property=\"og:url\" content=\"https:\/\/larsonline.dk\/wordpress\/musik\/instrumentalmusik\/\" \/>\n<meta property=\"og:site_name\" content=\"Lars Kristian S\u00f8rensen\" \/>\n<meta property=\"article:publisher\" content=\"https:\/\/www.facebook.com\/larskristiansorensen\/\" \/>\n<meta property=\"article:modified_time\" content=\"2025-04-17T08:07:05+00:00\" \/>\n<meta property=\"og:image\" content=\"http:\/\/larsonline.dk\/wordpress\/wp-content\/uploads\/2022\/05\/image-1-641x1024.png\" \/>\n<meta name=\"twitter:card\" content=\"summary_large_image\" \/>\n<script type=\"application\/ld+json\" class=\"yoast-schema-graph\">{\"@context\":\"https:\\\/\\\/schema.org\",\"@graph\":[{\"@type\":\"WebPage\",\"@id\":\"https:\\\/\\\/larsonline.dk\\\/wordpress\\\/musik\\\/instrumentalmusik\\\/\",\"url\":\"https:\\\/\\\/larsonline.dk\\\/wordpress\\\/musik\\\/instrumentalmusik\\\/\",\"name\":\"Instrumentalmusik - Lars Kristian S\u00f8rensen\",\"isPartOf\":{\"@id\":\"https:\\\/\\\/larsonline.dk\\\/wordpress\\\/#website\"},\"primaryImageOfPage\":{\"@id\":\"https:\\\/\\\/larsonline.dk\\\/wordpress\\\/musik\\\/instrumentalmusik\\\/#primaryimage\"},\"image\":{\"@id\":\"https:\\\/\\\/larsonline.dk\\\/wordpress\\\/musik\\\/instrumentalmusik\\\/#primaryimage\"},\"thumbnailUrl\":\"http:\\\/\\\/larsonline.dk\\\/wordpress\\\/wp-content\\\/uploads\\\/2022\\\/05\\\/image-1-641x1024.png\",\"datePublished\":\"2022-05-18T09:03:38+00:00\",\"dateModified\":\"2025-04-17T08:07:05+00:00\",\"breadcrumb\":{\"@id\":\"https:\\\/\\\/larsonline.dk\\\/wordpress\\\/musik\\\/instrumentalmusik\\\/#breadcrumb\"},\"inLanguage\":\"da-DK\",\"potentialAction\":[{\"@type\":\"ReadAction\",\"target\":[\"https:\\\/\\\/larsonline.dk\\\/wordpress\\\/musik\\\/instrumentalmusik\\\/\"]}]},{\"@type\":\"ImageObject\",\"inLanguage\":\"da-DK\",\"@id\":\"https:\\\/\\\/larsonline.dk\\\/wordpress\\\/musik\\\/instrumentalmusik\\\/#primaryimage\",\"url\":\"https:\\\/\\\/larsonline.dk\\\/wordpress\\\/wp-content\\\/uploads\\\/2022\\\/05\\\/image-1.png\",\"contentUrl\":\"https:\\\/\\\/larsonline.dk\\\/wordpress\\\/wp-content\\\/uploads\\\/2022\\\/05\\\/image-1.png\",\"width\":1281,\"height\":2048},{\"@type\":\"BreadcrumbList\",\"@id\":\"https:\\\/\\\/larsonline.dk\\\/wordpress\\\/musik\\\/instrumentalmusik\\\/#breadcrumb\",\"itemListElement\":[{\"@type\":\"ListItem\",\"position\":1,\"name\":\"Hjem\",\"item\":\"https:\\\/\\\/larsonline.dk\\\/wordpress\\\/\"},{\"@type\":\"ListItem\",\"position\":2,\"name\":\"MusikButikken\",\"item\":\"https:\\\/\\\/larsonline.dk\\\/wordpress\\\/musik\\\/\"},{\"@type\":\"ListItem\",\"position\":3,\"name\":\"Instrumentalmusik\"}]},{\"@type\":\"WebSite\",\"@id\":\"https:\\\/\\\/larsonline.dk\\\/wordpress\\\/#website\",\"url\":\"https:\\\/\\\/larsonline.dk\\\/wordpress\\\/\",\"name\":\"Lars Kristian S\u00f8rensen\",\"description\":\"\",\"publisher\":{\"@id\":\"https:\\\/\\\/larsonline.dk\\\/wordpress\\\/#\\\/schema\\\/person\\\/299b0784e5767b7d38d21b3b9f0418f8\"},\"potentialAction\":[{\"@type\":\"SearchAction\",\"target\":{\"@type\":\"EntryPoint\",\"urlTemplate\":\"https:\\\/\\\/larsonline.dk\\\/wordpress\\\/?s={search_term_string}\"},\"query-input\":{\"@type\":\"PropertyValueSpecification\",\"valueRequired\":true,\"valueName\":\"search_term_string\"}}],\"inLanguage\":\"da-DK\"},{\"@type\":[\"Person\",\"Organization\"],\"@id\":\"https:\\\/\\\/larsonline.dk\\\/wordpress\\\/#\\\/schema\\\/person\\\/299b0784e5767b7d38d21b3b9f0418f8\",\"name\":\"Lars\",\"image\":{\"@type\":\"ImageObject\",\"inLanguage\":\"da-DK\",\"@id\":\"https:\\\/\\\/larsonline.dk\\\/wordpress\\\/wp-content\\\/uploads\\\/2022\\\/05\\\/Logo.jpg\",\"url\":\"https:\\\/\\\/larsonline.dk\\\/wordpress\\\/wp-content\\\/uploads\\\/2022\\\/05\\\/Logo.jpg\",\"contentUrl\":\"https:\\\/\\\/larsonline.dk\\\/wordpress\\\/wp-content\\\/uploads\\\/2022\\\/05\\\/Logo.jpg\",\"width\":190,\"height\":190,\"caption\":\"Lars\"},\"logo\":{\"@id\":\"https:\\\/\\\/larsonline.dk\\\/wordpress\\\/wp-content\\\/uploads\\\/2022\\\/05\\\/Logo.jpg\"},\"sameAs\":[\"https:\\\/\\\/www.facebook.com\\\/larskristiansorensen\\\/\",\"https:\\\/\\\/www.instagram.com\\\/larskrsorensen\\\/\"]}]}<\/script>\n<!-- \/ Yoast SEO plugin. -->","yoast_head_json":{"title":"Instrumentalmusik - Lars Kristian S\u00f8rensen","robots":{"index":"index","follow":"follow","max-snippet":"max-snippet:-1","max-image-preview":"max-image-preview:large","max-video-preview":"max-video-preview:-1"},"canonical":"https:\/\/larsonline.dk\/wordpress\/musik\/instrumentalmusik\/","og_locale":"da_DK","og_type":"article","og_title":"Instrumentalmusik - Lars Kristian S\u00f8rensen","og_description":"Fra Mozart til Metallica Forgyld din middag eller reception med sk\u00f8n instrumental guitarmusik! Fork\u00e6l dine g\u00e6ster med den fantastisk lette og \u00e6teriske stemning, som kun lyden af en akustisk guitar kan give. Repertoiret sp\u00e6nder fra lettere klassisk til pop, rock og jazz. Fra Mozart til Metallica. Se video hvor jeg spiller &#8220;Spansk Romance.&#8221; Et must &hellip; L\u00e6s videre Instrumentalmusik &rarr;","og_url":"https:\/\/larsonline.dk\/wordpress\/musik\/instrumentalmusik\/","og_site_name":"Lars Kristian S\u00f8rensen","article_publisher":"https:\/\/www.facebook.com\/larskristiansorensen\/","article_modified_time":"2025-04-17T08:07:05+00:00","og_image":[{"url":"http:\/\/larsonline.dk\/wordpress\/wp-content\/uploads\/2022\/05\/image-1-641x1024.png","type":"","width":"","height":""}],"twitter_card":"summary_large_image","schema":{"@context":"https:\/\/schema.org","@graph":[{"@type":"WebPage","@id":"https:\/\/larsonline.dk\/wordpress\/musik\/instrumentalmusik\/","url":"https:\/\/larsonline.dk\/wordpress\/musik\/instrumentalmusik\/","name":"Instrumentalmusik - Lars Kristian S\u00f8rensen","isPartOf":{"@id":"https:\/\/larsonline.dk\/wordpress\/#website"},"primaryImageOfPage":{"@id":"https:\/\/larsonline.dk\/wordpress\/musik\/instrumentalmusik\/#primaryimage"},"image":{"@id":"https:\/\/larsonline.dk\/wordpress\/musik\/instrumentalmusik\/#primaryimage"},"thumbnailUrl":"http:\/\/larsonline.dk\/wordpress\/wp-content\/uploads\/2022\/05\/image-1-641x1024.png","datePublished":"2022-05-18T09:03:38+00:00","dateModified":"2025-04-17T08:07:05+00:00","breadcrumb":{"@id":"https:\/\/larsonline.dk\/wordpress\/musik\/instrumentalmusik\/#breadcrumb"},"inLanguage":"da-DK","potentialAction":[{"@type":"ReadAction","target":["https:\/\/larsonline.dk\/wordpress\/musik\/instrumentalmusik\/"]}]},{"@type":"ImageObject","inLanguage":"da-DK","@id":"https:\/\/larsonline.dk\/wordpress\/musik\/instrumentalmusik\/#primaryimage","url":"https:\/\/larsonline.dk\/wordpress\/wp-content\/uploads\/2022\/05\/image-1.png","contentUrl":"https:\/\/larsonline.dk\/wordpress\/wp-content\/uploads\/2022\/05\/image-1.png","width":1281,"height":2048},{"@type":"BreadcrumbList","@id":"https:\/\/larsonline.dk\/wordpress\/musik\/instrumentalmusik\/#breadcrumb","itemListElement":[{"@type":"ListItem","position":1,"name":"Hjem","item":"https:\/\/larsonline.dk\/wordpress\/"},{"@type":"ListItem","position":2,"name":"MusikButikken","item":"https:\/\/larsonline.dk\/wordpress\/musik\/"},{"@type":"ListItem","position":3,"name":"Instrumentalmusik"}]},{"@type":"WebSite","@id":"https:\/\/larsonline.dk\/wordpress\/#website","url":"https:\/\/larsonline.dk\/wordpress\/","name":"Lars Kristian S\u00f8rensen","description":"","publisher":{"@id":"https:\/\/larsonline.dk\/wordpress\/#\/schema\/person\/299b0784e5767b7d38d21b3b9f0418f8"},"potentialAction":[{"@type":"SearchAction","target":{"@type":"EntryPoint","urlTemplate":"https:\/\/larsonline.dk\/wordpress\/?s={search_term_string}"},"query-input":{"@type":"PropertyValueSpecification","valueRequired":true,"valueName":"search_term_string"}}],"inLanguage":"da-DK"},{"@type":["Person","Organization"],"@id":"https:\/\/larsonline.dk\/wordpress\/#\/schema\/person\/299b0784e5767b7d38d21b3b9f0418f8","name":"Lars","image":{"@type":"ImageObject","inLanguage":"da-DK","@id":"https:\/\/larsonline.dk\/wordpress\/wp-content\/uploads\/2022\/05\/Logo.jpg","url":"https:\/\/larsonline.dk\/wordpress\/wp-content\/uploads\/2022\/05\/Logo.jpg","contentUrl":"https:\/\/larsonline.dk\/wordpress\/wp-content\/uploads\/2022\/05\/Logo.jpg","width":190,"height":190,"caption":"Lars"},"logo":{"@id":"https:\/\/larsonline.dk\/wordpress\/wp-content\/uploads\/2022\/05\/Logo.jpg"},"sameAs":["https:\/\/www.facebook.com\/larskristiansorensen\/","https:\/\/www.instagram.com\/larskrsorensen\/"]}]}},"_links":{"self":[{"href":"https:\/\/larsonline.dk\/wordpress\/wp-json\/wp\/v2\/pages\/73","targetHints":{"allow":["GET"]}}],"collection":[{"href":"https:\/\/larsonline.dk\/wordpress\/wp-json\/wp\/v2\/pages"}],"about":[{"href":"https:\/\/larsonline.dk\/wordpress\/wp-json\/wp\/v2\/types\/page"}],"author":[{"embeddable":true,"href":"https:\/\/larsonline.dk\/wordpress\/wp-json\/wp\/v2\/users\/1"}],"replies":[{"embeddable":true,"href":"https:\/\/larsonline.dk\/wordpress\/wp-json\/wp\/v2\/comments?post=73"}],"version-history":[{"count":17,"href":"https:\/\/larsonline.dk\/wordpress\/wp-json\/wp\/v2\/pages\/73\/revisions"}],"predecessor-version":[{"id":498,"href":"https:\/\/larsonline.dk\/wordpress\/wp-json\/wp\/v2\/pages\/73\/revisions\/498"}],"up":[{"embeddable":true,"href":"https:\/\/larsonline.dk\/wordpress\/wp-json\/wp\/v2\/pages\/61"}],"wp:attachment":[{"href":"https:\/\/larsonline.dk\/wordpress\/wp-json\/wp\/v2\/media?parent=73"}],"curies":[{"name":"wp","href":"https:\/\/api.w.org\/{rel}","templated":true}]}}