{"id":192,"date":"2022-06-01T15:20:35","date_gmt":"2022-06-01T13:20:35","guid":{"rendered":"http:\/\/larsonline.dk\/wordpress\/?page_id=192"},"modified":"2022-06-16T13:24:46","modified_gmt":"2022-06-16T11:24:46","slug":"teambuilding-med-sang","status":"publish","type":"page","link":"https:\/\/larsonline.dk\/wordpress\/teambuilding-med-sang\/","title":{"rendered":"Teambuilding med sang"},"content":{"rendered":"\n<figure class=\"wp-block-image size-full\"><img loading=\"lazy\" decoding=\"async\" width=\"2609\" height=\"2609\" src=\"http:\/\/larsonline.dk\/wordpress\/wp-content\/uploads\/2022\/06\/IMG_3416-1.jpeg\" alt=\"\" class=\"wp-image-240\"\/><figcaption>Privatfoto<\/figcaption><\/figure>\n\n\n\n<p><strong>Styrk din medarbejdergruppe med sang<\/strong><\/p>\n\n\n\n<p>Alle kan deltage &#8211; der kr\u00e6ves ingen foruds\u00e6tninger.&nbsp;<\/p>\n\n\n\n<p>Vi varmer stemmen og kroppen op og leger med rytmer. <\/p>\n\n\n\n<p>Derefter l\u00e6rer vi et par sange fra det klassiske danske pop\/rock repertoire.&nbsp;<\/p>\n\n\n\n<p>Under forl\u00f8bet arbejder vi desuden med, hvordan man i en musikalsk sammenh\u00e6ng indg\u00e5r i et fin-tunet samarbejde, der er en foruds\u00e6tning for et vellydende sammenspil.<\/p>\n\n\n\n<p>Vi afslutter med en lille koncert.<\/p>\n\n\n\n<p>Hvis I \u00f8nsker det, kan sangene optages p\u00e5 video.<\/p>\n\n\n\n<p><strong>Det f\u00e5r du og dine medarbejdere med hjem<\/strong><\/p>\n\n\n\n<ul class=\"wp-block-list\"><li>at synge sammen er at se hinanden<\/li><li>sang og musik styrker f\u00e6llesskab og samarbejdsevne<\/li><li>sang og musik styrker kreativitet<\/li><li>sang og musik er tilstedev\u00e6relse i nuet<\/li><li>sang og musik fjerner gr\u00e6nser imellem mennesker<\/li><li>sang og musik g\u00f8r glad<\/li><\/ul>\n\n\n\n<p><strong>Praktisk<\/strong><\/p>\n\n\n\n<p>Deltagerantal: fra 5 til 100<\/p>\n\n\n\n<p>Varighed: 2 timer<\/p>\n\n\n\n<p>Kr\u00e6ver lokale med passende st\u00f8rrelse og god akustik<\/p>\n\n\n\n<p>Pris: fra kr 6.500,-<\/p>\n","protected":false},"excerpt":{"rendered":"<p>Styrk din medarbejdergruppe med sang Alle kan deltage &#8211; der kr\u00e6ves ingen foruds\u00e6tninger.&nbsp; Vi varmer stemmen og kroppen op og leger med rytmer. Derefter l\u00e6rer vi et par sange fra det klassiske danske pop\/rock repertoire.&nbsp; Under forl\u00f8bet arbejder vi desuden med, hvordan man i en musikalsk sammenh\u00e6ng indg\u00e5r i et fin-tunet samarbejde, der er en &hellip; <a href=\"https:\/\/larsonline.dk\/wordpress\/teambuilding-med-sang\/\" class=\"more-link\">L\u00e6s videre <span class=\"screen-reader-text\">Teambuilding med sang<\/span> <span class=\"meta-nav\">&rarr;<\/span><\/a><\/p>\n","protected":false},"author":1,"featured_media":0,"parent":0,"menu_order":0,"comment_status":"closed","ping_status":"closed","template":"","meta":{"footnotes":""},"class_list":["post-192","page","type-page","status-publish","hentry"],"yoast_head":"<!-- This site is optimized with the Yoast SEO plugin v27.5 - https:\/\/yoast.com\/product\/yoast-seo-wordpress\/ -->\n<title>Teambuilding med sang - Lars Kristian S\u00f8rensen<\/title>\n<meta name=\"robots\" content=\"index, follow, max-snippet:-1, max-image-preview:large, max-video-preview:-1\" \/>\n<link rel=\"canonical\" href=\"https:\/\/larsonline.dk\/wordpress\/teambuilding-med-sang\/\" \/>\n<meta property=\"og:locale\" content=\"da_DK\" \/>\n<meta property=\"og:type\" content=\"article\" \/>\n<meta property=\"og:title\" content=\"Teambuilding med sang - Lars Kristian S\u00f8rensen\" \/>\n<meta property=\"og:description\" content=\"Styrk din medarbejdergruppe med sang Alle kan deltage &#8211; der kr\u00e6ves ingen foruds\u00e6tninger.&nbsp; Vi varmer stemmen og kroppen op og leger med rytmer. Derefter l\u00e6rer vi et par sange fra det klassiske danske pop\/rock repertoire.&nbsp; Under forl\u00f8bet arbejder vi desuden med, hvordan man i en musikalsk sammenh\u00e6ng indg\u00e5r i et fin-tunet samarbejde, der er en &hellip; L\u00e6s videre Teambuilding med sang &rarr;\" \/>\n<meta property=\"og:url\" content=\"https:\/\/larsonline.dk\/wordpress\/teambuilding-med-sang\/\" \/>\n<meta property=\"og:site_name\" content=\"Lars Kristian S\u00f8rensen\" \/>\n<meta property=\"article:publisher\" content=\"https:\/\/www.facebook.com\/larskristiansorensen\/\" \/>\n<meta property=\"article:modified_time\" content=\"2022-06-16T11:24:46+00:00\" \/>\n<meta property=\"og:image\" content=\"http:\/\/larsonline.dk\/wordpress\/wp-content\/uploads\/2022\/06\/IMG_3416-1.jpeg\" \/>\n<meta name=\"twitter:card\" content=\"summary_large_image\" \/>\n<meta name=\"twitter:label1\" content=\"Estimeret l\u00e6setid\" \/>\n\t<meta name=\"twitter:data1\" content=\"1 minut\" \/>\n<script type=\"application\/ld+json\" class=\"yoast-schema-graph\">{\"@context\":\"https:\\\/\\\/schema.org\",\"@graph\":[{\"@type\":\"WebPage\",\"@id\":\"https:\\\/\\\/larsonline.dk\\\/wordpress\\\/teambuilding-med-sang\\\/\",\"url\":\"https:\\\/\\\/larsonline.dk\\\/wordpress\\\/teambuilding-med-sang\\\/\",\"name\":\"Teambuilding med sang - Lars Kristian S\u00f8rensen\",\"isPartOf\":{\"@id\":\"https:\\\/\\\/larsonline.dk\\\/wordpress\\\/#website\"},\"primaryImageOfPage\":{\"@id\":\"https:\\\/\\\/larsonline.dk\\\/wordpress\\\/teambuilding-med-sang\\\/#primaryimage\"},\"image\":{\"@id\":\"https:\\\/\\\/larsonline.dk\\\/wordpress\\\/teambuilding-med-sang\\\/#primaryimage\"},\"thumbnailUrl\":\"http:\\\/\\\/larsonline.dk\\\/wordpress\\\/wp-content\\\/uploads\\\/2022\\\/06\\\/IMG_3416-1.jpeg\",\"datePublished\":\"2022-06-01T13:20:35+00:00\",\"dateModified\":\"2022-06-16T11:24:46+00:00\",\"breadcrumb\":{\"@id\":\"https:\\\/\\\/larsonline.dk\\\/wordpress\\\/teambuilding-med-sang\\\/#breadcrumb\"},\"inLanguage\":\"da-DK\",\"potentialAction\":[{\"@type\":\"ReadAction\",\"target\":[\"https:\\\/\\\/larsonline.dk\\\/wordpress\\\/teambuilding-med-sang\\\/\"]}]},{\"@type\":\"ImageObject\",\"inLanguage\":\"da-DK\",\"@id\":\"https:\\\/\\\/larsonline.dk\\\/wordpress\\\/teambuilding-med-sang\\\/#primaryimage\",\"url\":\"https:\\\/\\\/larsonline.dk\\\/wordpress\\\/wp-content\\\/uploads\\\/2022\\\/06\\\/IMG_3416-1.jpeg\",\"contentUrl\":\"https:\\\/\\\/larsonline.dk\\\/wordpress\\\/wp-content\\\/uploads\\\/2022\\\/06\\\/IMG_3416-1.jpeg\",\"width\":2609,\"height\":2609},{\"@type\":\"BreadcrumbList\",\"@id\":\"https:\\\/\\\/larsonline.dk\\\/wordpress\\\/teambuilding-med-sang\\\/#breadcrumb\",\"itemListElement\":[{\"@type\":\"ListItem\",\"position\":1,\"name\":\"Hjem\",\"item\":\"https:\\\/\\\/larsonline.dk\\\/wordpress\\\/\"},{\"@type\":\"ListItem\",\"position\":2,\"name\":\"Teambuilding med sang\"}]},{\"@type\":\"WebSite\",\"@id\":\"https:\\\/\\\/larsonline.dk\\\/wordpress\\\/#website\",\"url\":\"https:\\\/\\\/larsonline.dk\\\/wordpress\\\/\",\"name\":\"Lars Kristian S\u00f8rensen\",\"description\":\"\",\"publisher\":{\"@id\":\"https:\\\/\\\/larsonline.dk\\\/wordpress\\\/#\\\/schema\\\/person\\\/299b0784e5767b7d38d21b3b9f0418f8\"},\"potentialAction\":[{\"@type\":\"SearchAction\",\"target\":{\"@type\":\"EntryPoint\",\"urlTemplate\":\"https:\\\/\\\/larsonline.dk\\\/wordpress\\\/?s={search_term_string}\"},\"query-input\":{\"@type\":\"PropertyValueSpecification\",\"valueRequired\":true,\"valueName\":\"search_term_string\"}}],\"inLanguage\":\"da-DK\"},{\"@type\":[\"Person\",\"Organization\"],\"@id\":\"https:\\\/\\\/larsonline.dk\\\/wordpress\\\/#\\\/schema\\\/person\\\/299b0784e5767b7d38d21b3b9f0418f8\",\"name\":\"Lars\",\"image\":{\"@type\":\"ImageObject\",\"inLanguage\":\"da-DK\",\"@id\":\"https:\\\/\\\/larsonline.dk\\\/wordpress\\\/wp-content\\\/uploads\\\/2022\\\/05\\\/Logo.jpg\",\"url\":\"https:\\\/\\\/larsonline.dk\\\/wordpress\\\/wp-content\\\/uploads\\\/2022\\\/05\\\/Logo.jpg\",\"contentUrl\":\"https:\\\/\\\/larsonline.dk\\\/wordpress\\\/wp-content\\\/uploads\\\/2022\\\/05\\\/Logo.jpg\",\"width\":190,\"height\":190,\"caption\":\"Lars\"},\"logo\":{\"@id\":\"https:\\\/\\\/larsonline.dk\\\/wordpress\\\/wp-content\\\/uploads\\\/2022\\\/05\\\/Logo.jpg\"},\"sameAs\":[\"https:\\\/\\\/www.facebook.com\\\/larskristiansorensen\\\/\",\"https:\\\/\\\/www.instagram.com\\\/larskrsorensen\\\/\"]}]}<\/script>\n<!-- \/ Yoast SEO plugin. -->","yoast_head_json":{"title":"Teambuilding med sang - Lars Kristian S\u00f8rensen","robots":{"index":"index","follow":"follow","max-snippet":"max-snippet:-1","max-image-preview":"max-image-preview:large","max-video-preview":"max-video-preview:-1"},"canonical":"https:\/\/larsonline.dk\/wordpress\/teambuilding-med-sang\/","og_locale":"da_DK","og_type":"article","og_title":"Teambuilding med sang - Lars Kristian S\u00f8rensen","og_description":"Styrk din medarbejdergruppe med sang Alle kan deltage &#8211; der kr\u00e6ves ingen foruds\u00e6tninger.&nbsp; Vi varmer stemmen og kroppen op og leger med rytmer. Derefter l\u00e6rer vi et par sange fra det klassiske danske pop\/rock repertoire.&nbsp; Under forl\u00f8bet arbejder vi desuden med, hvordan man i en musikalsk sammenh\u00e6ng indg\u00e5r i et fin-tunet samarbejde, der er en &hellip; L\u00e6s videre Teambuilding med sang &rarr;","og_url":"https:\/\/larsonline.dk\/wordpress\/teambuilding-med-sang\/","og_site_name":"Lars Kristian S\u00f8rensen","article_publisher":"https:\/\/www.facebook.com\/larskristiansorensen\/","article_modified_time":"2022-06-16T11:24:46+00:00","og_image":[{"url":"http:\/\/larsonline.dk\/wordpress\/wp-content\/uploads\/2022\/06\/IMG_3416-1.jpeg","type":"","width":"","height":""}],"twitter_card":"summary_large_image","twitter_misc":{"Estimeret l\u00e6setid":"1 minut"},"schema":{"@context":"https:\/\/schema.org","@graph":[{"@type":"WebPage","@id":"https:\/\/larsonline.dk\/wordpress\/teambuilding-med-sang\/","url":"https:\/\/larsonline.dk\/wordpress\/teambuilding-med-sang\/","name":"Teambuilding med sang - Lars Kristian S\u00f8rensen","isPartOf":{"@id":"https:\/\/larsonline.dk\/wordpress\/#website"},"primaryImageOfPage":{"@id":"https:\/\/larsonline.dk\/wordpress\/teambuilding-med-sang\/#primaryimage"},"image":{"@id":"https:\/\/larsonline.dk\/wordpress\/teambuilding-med-sang\/#primaryimage"},"thumbnailUrl":"http:\/\/larsonline.dk\/wordpress\/wp-content\/uploads\/2022\/06\/IMG_3416-1.jpeg","datePublished":"2022-06-01T13:20:35+00:00","dateModified":"2022-06-16T11:24:46+00:00","breadcrumb":{"@id":"https:\/\/larsonline.dk\/wordpress\/teambuilding-med-sang\/#breadcrumb"},"inLanguage":"da-DK","potentialAction":[{"@type":"ReadAction","target":["https:\/\/larsonline.dk\/wordpress\/teambuilding-med-sang\/"]}]},{"@type":"ImageObject","inLanguage":"da-DK","@id":"https:\/\/larsonline.dk\/wordpress\/teambuilding-med-sang\/#primaryimage","url":"https:\/\/larsonline.dk\/wordpress\/wp-content\/uploads\/2022\/06\/IMG_3416-1.jpeg","contentUrl":"https:\/\/larsonline.dk\/wordpress\/wp-content\/uploads\/2022\/06\/IMG_3416-1.jpeg","width":2609,"height":2609},{"@type":"BreadcrumbList","@id":"https:\/\/larsonline.dk\/wordpress\/teambuilding-med-sang\/#breadcrumb","itemListElement":[{"@type":"ListItem","position":1,"name":"Hjem","item":"https:\/\/larsonline.dk\/wordpress\/"},{"@type":"ListItem","position":2,"name":"Teambuilding med sang"}]},{"@type":"WebSite","@id":"https:\/\/larsonline.dk\/wordpress\/#website","url":"https:\/\/larsonline.dk\/wordpress\/","name":"Lars Kristian S\u00f8rensen","description":"","publisher":{"@id":"https:\/\/larsonline.dk\/wordpress\/#\/schema\/person\/299b0784e5767b7d38d21b3b9f0418f8"},"potentialAction":[{"@type":"SearchAction","target":{"@type":"EntryPoint","urlTemplate":"https:\/\/larsonline.dk\/wordpress\/?s={search_term_string}"},"query-input":{"@type":"PropertyValueSpecification","valueRequired":true,"valueName":"search_term_string"}}],"inLanguage":"da-DK"},{"@type":["Person","Organization"],"@id":"https:\/\/larsonline.dk\/wordpress\/#\/schema\/person\/299b0784e5767b7d38d21b3b9f0418f8","name":"Lars","image":{"@type":"ImageObject","inLanguage":"da-DK","@id":"https:\/\/larsonline.dk\/wordpress\/wp-content\/uploads\/2022\/05\/Logo.jpg","url":"https:\/\/larsonline.dk\/wordpress\/wp-content\/uploads\/2022\/05\/Logo.jpg","contentUrl":"https:\/\/larsonline.dk\/wordpress\/wp-content\/uploads\/2022\/05\/Logo.jpg","width":190,"height":190,"caption":"Lars"},"logo":{"@id":"https:\/\/larsonline.dk\/wordpress\/wp-content\/uploads\/2022\/05\/Logo.jpg"},"sameAs":["https:\/\/www.facebook.com\/larskristiansorensen\/","https:\/\/www.instagram.com\/larskrsorensen\/"]}]}},"_links":{"self":[{"href":"https:\/\/larsonline.dk\/wordpress\/wp-json\/wp\/v2\/pages\/192","targetHints":{"allow":["GET"]}}],"collection":[{"href":"https:\/\/larsonline.dk\/wordpress\/wp-json\/wp\/v2\/pages"}],"about":[{"href":"https:\/\/larsonline.dk\/wordpress\/wp-json\/wp\/v2\/types\/page"}],"author":[{"embeddable":true,"href":"https:\/\/larsonline.dk\/wordpress\/wp-json\/wp\/v2\/users\/1"}],"replies":[{"embeddable":true,"href":"https:\/\/larsonline.dk\/wordpress\/wp-json\/wp\/v2\/comments?post=192"}],"version-history":[{"count":9,"href":"https:\/\/larsonline.dk\/wordpress\/wp-json\/wp\/v2\/pages\/192\/revisions"}],"predecessor-version":[{"id":242,"href":"https:\/\/larsonline.dk\/wordpress\/wp-json\/wp\/v2\/pages\/192\/revisions\/242"}],"wp:attachment":[{"href":"https:\/\/larsonline.dk\/wordpress\/wp-json\/wp\/v2\/media?parent=192"}],"curies":[{"name":"wp","href":"https:\/\/api.w.org\/{rel}","templated":true}]}}